Suppose -5*v + 33 = u. Calculate the highest common factor of 1 and v.
1
Suppose -16*m + 340 + 428 = 0. What is the greatest common divisor of m and 128?
16
Let c(h) = h**2 + 9. Let w be c(0). Let n be 10/(-2) - 312*(-3)/9. What is the greatest common factor of n and w?
9
Let f be (-4 - -2)*(-1 - (-17)/(-1)). Calculate the highest common divisor of 96 and f.
12
Let k be 1/((12/(-32))/(3/(-2))). Suppose 2*m - 106 = 2*r, -3*m + 0*m - r + 143 = 0. Suppose -k*f - 13 = -m. Calculate the greatest common divisor of 99 and f.
9
Let u = -25 - -28. Let q(g) = g**3 - 3*g**2 - 4*g + 6. Let d be q(4). What is the highest common divisor of d and u?
3
Suppose 2*q - 62 = -3*l, 0 = -5*q + 2*l + 124 + 12. What is the greatest common divisor of q and 574?
14
Let b be (-95)/(5/(-45)*3). Calculate the highest common factor of b and 60.
15
Suppose -80*m + 23384 = 9544. What is the highest common factor of 1 and m?
1
Let i be (3/(-2))/((-13)/26) - -88. What is the greatest common factor of i and 39?
13
Suppose 6*g - 105 + 21 = 0. Let w(h) = -h**3 + 8*h**2 - 6*h. Let r be w(7). Calculate the highest common factor of g and r.
7
Suppose 20 = g - 2*g. Let v(b) = b**3 + 21*b**2 + 12*b - 25. Let t be v(g). What is the highest common divisor of t and 54?
27
Suppose -195 = -22*k + 9*k. Suppose k*g - 6 = 14*g. Let w = 19 + 47. Calculate the highest common divisor of g and w.
6
Suppose 1356 - 4396 = -10*w. Calculate the highest common divisor of 16 and w.
16
Suppose -5*n = 5*n - 60. What is the highest common factor of n and 180?
6
Let g(x) = -7*x**2 + x. Let s be g(-1). Let k(z) = -4*z - 22. Let o be k(s). What is the greatest common factor of 2 and o?
2
Let g(b) be the second derivative of b**4/12 + 4*b**3/3 + 15*b**2/2 + 17*b. Let h be g(-8). Calculate the highest common divisor of 120 and h.
15
Let l = -43 + 51. Let v be (l/(20/(-5)))/((-2)/8). Calculate the greatest common divisor of 12 and v.
4
Let j = 1833 - 1821. What is the highest common factor of 450 and j?
6
Let l be (1/(3/2))/((-2)/(-90)). Suppose 5 = 2*v - 15. Calculate the greatest common factor of v and l.
10
Suppose -7*j + 14*j = 28. What is the highest common factor of j and 64?
4
Let t be 1380/25 + (-1)/5. What is the greatest common divisor of t and 66?
11
Let w be -5 + 36/6 + -3 - -66. What is the highest common divisor of w and 144?
16
Let g(o) = 15*o + 26 - 28 - o. Let x be 3 - (5 + -2 + -1). Let m be g(x). What is the greatest common factor of m and 12?
12
Let w = -403 - -459. What is the highest common factor of w and 140?
28
Suppose -5*w + 4*w = 0. Suppose -4*r - u = r - 198, -r = -3*u - 30. Suppose -5*j + r + 41 = w. What is the highest common factor of j and 16?
16
Let x = -32 + 82. Suppose 36 = -49*q + x*q. Calculate the greatest common factor of 18 and q.
18
Let f(w) = w**3 + 10*w**2 - 7*w + 8. Let i be f(5). Suppose -i + 138 = -7*g. Calculate the highest common factor of 20 and g.
10
Suppose 8*q - 97 = 135. Let m = q + -2. What is the highest common divisor of m and 54?
27
Let j(o) = -o**3 + 9*o**2 + o + 13. Let c be j(9). Let d = -12 + c. Suppose -p + 71 + 39 = 0. Calculate the highest common divisor of d and p.
10
Let v be -66*(42/147)/((-6)/98). Calculate the highest common divisor of 44 and v.
44
Suppose 6*t + 78 = c + 8*t, 5*t = 3*c - 201. What is the greatest common factor of 56 and c?
8
Let u = 63 - 59. Suppose u*m - 10 = -3*d, -d + 5*m + 1 = 2*d. Let q be 200/14 - (-2)/(-7). Calculate the highest common factor of d and q.
2
Suppose -2 = -u - 0, -u = p - 177. Suppose p = 6*h - h. Let n = 52 - h. Calculate the greatest common factor of n and 119.
17
Let y = 49 + -33. Suppose -m + 2*m = 44. Let a = -20 + m. What is the greatest common divisor of a and y?
8
Let a = -2 + -3. Suppose -5*c + 17 - 2 = 0. Let d = c - a. What is the highest common divisor of 64 and d?
8
Let m be (22/(-10))/((-20)/100). Let n = m + 1. Calculate the highest common divisor of 24 and n.
12
Let y = 242 + 15. Suppose 20*g + y - 817 = 0. What is the highest common divisor of 28 and g?
28
Let k be 84/36 + 4/6. Suppose 11 + 10 = f + p, 5*f - 97 = k*p. What is the highest common divisor of 160 and f?
20
Let t be 1 + 0 + 0 + 4. Let n be 12/3 + (-1 - 1). Calculate the highest common divisor of t and n.
1
Suppose 4*w - 138 = -58. What is the greatest common divisor of w and 260?
20
Let a = 129 - 41. Let y be (-4)/(-6) + (-62)/(-6). What is the greatest common divisor of y and a?
11
Suppose -4*k + 62 = -10. Let y be (-1196)/(-621) + 4/54. What is the greatest common divisor of y and k?
2
Let c(g) = g - 11. Let f be c(13). Suppose -k = f*k - 345. Suppose -s + 110 = 5*v, -v + 0*s + 43 = -4*s. What is the greatest common divisor of k and v?
23
Suppose f - 2 = 2*a + 5, 2*a + 4 = 0. Suppose 70 = b + 4*s - 154, 0 = 2*b + f*s - 458. Let y = 13480 - 13451. What is the highest common factor of b and y?
29
Let b(o) = o**3 - 21*o**2 - 3*o + 51. Let w be b(21). Let r be 5 + 3/(w/(-64)). Calculate the highest common divisor of 7 and r.
7
Let s(a) = 8*a**2 + 11*a - 41. Let i be s(3). Calculate the highest common factor of i and 32.
32
Suppose 0 = -14*b + 19*b - 20. Suppose -10 = -b*a + 34. Calculate the highest common divisor of a and 77.
11
Suppose -22 = -2*l + 20. Suppose -3 = 2*j - 1. Let x be (-62)/(-3) - j/3. What is the highest common divisor of x and l?
21
Let j = -131 - -135. What is the highest common factor of 196 and j?
4
Let a be 7*((-975)/(-21) - -5). Calculate the greatest common divisor of 960 and a.
120
Let a be 4/10 + (-6204)/110. Let t = a + 84. Calculate the greatest common divisor of 42 and t.
14
Let r = 190 + -176. What is the greatest common divisor of r and 294?
14
Suppose -5*u = -11 + 31, 2*q - u - 56 = 0. Suppose -1444 = -5*g - 534. What is the greatest common divisor of q and g?
26
Suppose 3*y - 2 = 5*r + 28, 0 = 2*r. What is the highest common factor of 305 and y?
5
Suppose 20*q = -44*q + 64. Let o(b) = -b - 1. Let d(n) = n. Let r(z) = 6*d(z) + 2*o(z). Let a be r(q). Calculate the greatest common divisor of a and 2.
2
Let h(o) = -o**2 - 24*o + 30. Let q be h(-25). Suppose 0*r - 8 = -2*r - 4*m, 15 = -q*m. What is the greatest common factor of 90 and r?
10
Let o = 2111 - 2065. Calculate the highest common divisor of o and 2.
2
Let y(c) = c - 8. Let t be y(9). Let x be 3 - 0/t - -322. Suppose 2*o = -n - 0*n + 163, -n + x = 4*o. Calculate the highest common factor of 9 and o.
9
Let d(q) = 2*q**3 + 24*q**2 - 39*q - 25. Let u be d(-13). What is the highest common factor of u and 1152?
144
Let i be -2 + (-18)/(0 + -3). Suppose -2*a + 5*t + 76 = i*t, -4*a - 3*t + 172 = 0. Let y = 320 - 310. Calculate the greatest common divisor of y and a.
10
Let m(n) = 5*n**2 - 9*n - 14. Let k be m(6). Calculate the highest common divisor of 14 and k.
14
Let w = -50 - -36. Let g(n) = -n + n**3 - 4*n + 14*n**2 + 4 + 0*n**3 + n. Let r be g(w). Calculate the greatest common divisor of 24 and r.
12
Let h = 38 - 33. Suppose -3*r - 4*t + 38 = 0, -h*r - 2*t = -31 - 51. Calculate the greatest common divisor of r and 45.
9
Let v(i) = 3*i**3 + i**2 + 2*i. Let w be v(2). Suppose -2*k = 9*k - 1408. Let u = -120 + k. What is the highest common factor of w and u?
8
Suppose -31 = -2*d + p - 0*p, p + 3 = 0. Suppose 0*n - n + 43 = 5*x, 37 = n + 3*x. What is the highest common divisor of d and n?
14
Suppose -z - 6 = 2*z. Let y be 3/(z/(-11928)*3). Let a be y/60 + 2/(-5). Calculate the highest common divisor of 11 and a.
11
Suppose -3*c + 3*t + 531 = 0, 4*c + 187 - 879 = -4*t. What is the highest common divisor of 25 and c?
25
Let x = 54 + -22. Let g(c) = 56 - 3*c**2 + 4*c**2 - 2*c**2 + 8. Let z be g(0). What is the highest common factor of z and x?
32
Let z(l) = 3*l + 2*l - 1 + 5*l. Let b be z(2). Suppose -456 = -13*q + 5*q. What is the greatest common factor of q and b?
19
Let v(m) = -8*m**3 - 8*m**2 + 15*m + 66. Let b be v(-4). What is the highest common factor of b and 110?
10
Let x be -59*((-27)/9)/3. What is the greatest common factor of 649 and x?
59
Let n(i) = -11*i**2 - 448*i - 8. Let c be n(-40). Calculate the greatest common factor of 1456 and c.
104
Suppose -x - 4*x - 30 = -2*b, -3*b - 5*x = 5. Suppose -22 = -2*d - d - b*l, 4 = d + 5*l. Calculate the greatest common factor of 36 and d.
9
Let n be -2 + -1 + 10*1. Suppose n*y - 768 = y. Calcu